= h - 234. Let b(q) = -2*q + 25. Give b(c).
1
Let k(w) be the third derivative of 0*w + 1/120*w**5 + 0 + 1/12*w**4 - 6*w**2 + 1/2*w**3. Let y(p) be the first derivative of k(p). Calculate y(3).
5
Let t be 3 + (-55)/15 - (-264)/(-198). Let d(z) = -7*z**2 - 19*z + 1. Determine d(t).
11
Let x(j) = -2*j**2 + 2*j - 2. Let i(m) = 3*m**2 - 15*m + 10. Let c(u) = i(u) + 2*x(u). What is c(-9)?
24
Let p be 3/(-2) - (-3)/6. Let x(r) = -21*r**2 - 32*r + 17. Let v(m) = -4*m**2 - 6*m + 3. Let n = -295 + 306. Let g(i) = n*v(i) - 2*x(i). Give g(p).
-1
Let v = -5119 - -5118. Let z(h) = -34*h**2 + 4*h + 2. What is z(v)?
-36
Let g = 82 - 44. Let n(u) = -31*u - 15 - g*u - 30*u + 107*u. Give n(3).
9
Let y be 6 + (-27)/(-9) - -10. Let s(u) = -u + 48. Give s(y).
29
Let a(y) = 12*y**3 - y**2. Let o(z) = -4*z**2 + 5*z**2 + 36 + 13 - 15*z. Let x be o(11). Suppose 10 - 15 = x*t. Give a(t).
-13
Let v(u) = -10*u - 46. Let j be v(-6). Suppose -w - 5*n = -j, 5*w + 29 = -n + 99. Let x(r) = -r**3 + 15*r**2 - 13*r - 16. What is x(w)?
-2
Let f be 12 - (4 + (14 - 6)). Let b(u) = 3*u + 5. What is b(f)?
5
Let v(l) = -4*l + 2. Let k(t) = -t**2 - 9*t + 77. Let w(y) = k(y) - 4*v(y). Calculate w(-6).
-9
Let i be 56/35 + (-88)/80. Let p(q) be the second derivative of 0 - 11/6*q**3 + 12*q + i*q**2. Calculate p(1).
-10
Let h(z) = -6*z**3 + z**2 - 1. Let a = 695 - 677. Suppose -5 = 22*c - a*c - 3*d, 3 = d. What is h(c)?
-6
Let o(c) = c + 4 + 3 + 2. Suppose 0 = 3*h + 185*m - 183*m + 16, -2*h - 11 = m. What is o(h)?
3
Let x(y) be the second derivative of -y**5 + y**4/12 + y**3/6 - y**2/2 - 168*y + 3. Let p = -17 + 18. Calculate x(p).
-19
Let l(q) = -q**2 - 10. Suppose -4*b - 118 = -2*v, 147 + 112 = 5*v - b. Suppose k - v = 3. Let z = -54 + k. Give l(z).
-10
Suppose 3*b = -b + 3*s - 47, 2*s = -2*b - 6. Let y(g) be the third derivative of -g**5/60 - g**4/3 + g**3/3 - 52*g**2 - 66*g. What is y(b)?
2
Let j be (90/21)/(10/(-560)). Let a = j + 233. Let p(q) = -q**3 - 8*q**2 - 5*q. What is p(a)?
-14
Let m(k) = -6*k + 1. Suppose -5*v - 4*r - 152 = 0, 43 = 7*v - 8*v - 5*r. Let c = -23 - v. Let t be 3 + 2/10*c. Give m(t).
-23
Let r(l) = 2724*l**2 + 9 - 6*l + 15*l + 2724*l**2 + 2718*l**2 - 8165*l**2. Calculate r(-5).
-11
Let s(g) = -3 - 6 - 11*g - 4712318*g**2 + 4712317*g**2 + 3. Give s(-14).
-48
Let l(m) be the first derivative of -5*m**2 + 8*m - 11. Let d(t) = -2. Let w(p) = -4*d(p) - l(p). Let n be 3/4 - 6/(-24). Calculate w(n).
10
Let n(d) be the second derivative of d**3/6 + 13*d**2/2 + 2*d - 268. Calculate n(-25).
-12
Let s be 9 - 9 - 1*-1. Let h(g) be the third derivative of g**5/15 + g**4/24 - g**3/6 - g**2 + 4*g. Let u(z) = 1. Let c(x) = -h(x) - u(x). Calculate c(s).
-5
Let x = 23 + -27. Let w be x/22 - 7280/(-110). Let y be (-1)/((-9)/w) - (-4)/(-12). Let s(v) = -v**3 + 8*v**2 - 7*v + 9. Determine s(y).
9
Suppose 2*h + 8 = -2, -2*i + 153 = -h. Suppose -4*n - 62 = -i. Suppose -m - 2*o - 2 + n = 0, -5*m + 35 = 4*o. Let f(t) = t**3 - 11*t**2 + 2*t - 14. Give f(m).
8
Let t(f) = 2*f**3 + 6*f**2 + 6*f + 1. Suppose 14*r + 4*o = 19*r - 9, 87 = -5*r - 12*o. Determine t(r).
-17
Let q(j) = -4*j - 2. Let h = -663 - -654. Let b be ((-3)/(-3))/(6/(-30)) - h. What is q(b)?
-18
Let l = 10201 + -10214. Let z(s) = -18*s - 171. Determine z(l).
63
Let a(k) = 8*k**2 + 21*k - 2. Let p(m) = -6*m**2 - 17*m + 2. Let f(b) = -4*a(b) - 5*p(b). Give f(0).
-2
Let p(q) be the third derivative of q**4/24 + q**3/2 - 343*q**2. Let k = 24 + -30. What is p(k)?
-3
Let i(h) = -6*h + 14. Let b(q) = -4*q - 26. Let s be b(-8). Let c(n) = -5*n + 12. Let y(f) = s*i(f) - 7*c(f). Let m be (-240)/(-45) + (-4)/(-6). What is y(m)?
-6
Let x(s) = s**3 + 4*s**2 - 9*s - 11. Let q be x(-5). Suppose -66 = 2*f + q*f. Let v(o) = 3*o**2 - 57*o + 63*o - 2*o**2 - 4. Determine v(f).
-4
Let r be (0 - -35) + -8 + -14. Let c(j) = -j**2 + 13*j + 19. Calculate c(r).
19
Suppose -17*u + 21*u = -8. Let x(m) = 8*m + 17. Let r be x(u). Let p(s) = -12*s**2 - s. Determine p(r).
-13
Let u(w) be the third derivative of -w**7/840 - w**6/72 - w**5/40 - w**4/4 - 121*w**3/6 - 89*w**2. Let b(t) be the first derivative of u(t). Determine b(-4).
-10
Let n(x) be the second derivative of 0 + 46*x + 1/12*x**4 + 4/3*x**3 + 0*x**2. Determine n(-7).
-7
Let c(i) be the second derivative of i**4/12 - i**3/3 - 5*i**2/2 - 16*i. Let d be c(4). Let q(n) = -2*n**3 + 0*n**3 - 2*n + 49 - d*n**2 - 50. What is q(-2)?
7
Let v(u) = -39*u + 7. Suppose 0 = 2*d + 4*j + 6 - 8, -5*d = 4*j + 1. Calculate v(d).
46
Suppose 40 = 5*s + 3*s. Let c be 3 - ((-3)/(-6))/(2/4). Let r(z) = -2*z - z + z**2 + 2*z - c*z - 6. Determine r(s).
4
Let y(x) = 2*x + 3. Let u(r) = -3*r - 2. Let t(l) = 3*u(l) + 2*y(l). Suppose 0 = 2*j + 43*w - 39*w + 22, -4*j - w = 9. What is t(j)?
5
Let r(h) = -h**2 + 35*h + 158. Let k be r(-4). Let o(n) = -2 + 1 - 38917*n**2 + 38933*n**k. Give o(-1).
15
Let s(y) = -5*y + 14. Let j = -981 + 985. Give s(j).
-6
Let u(w) = -3*w**3 - 2*w - 1. Let b = 3260 - 3258. Calculate u(b).
-29
Let a(n) be the first derivative of -n**2 + 2223. Calculate a(-9).
18
Let a(k) be the second derivative of -k**5/20 - k**4/2 - 2*k**3/3 - 3*k**2/2 - 174*k. Calculate a(-6).
21
Let a be ((-24)/10)/(36/90). Let f(b) = -16*b - 99. Let v be f(a). Let n(z) = -4*z**3 - 4*z + 4*z**3 - z**3 - 5*z**2 - 1. Determine n(v).
-7
Suppose 40*g + 14 = 6*g - 20. Let l(m) = -74*m**2 + 2*m + 2. Determine l(g).
-74
Let x be 0/((-8)/12 + 24/9). Suppose 0*q - 31*q = x. Let p(k) = k - 17. Calculate p(q).
-17
Let d = -48 + 30. Let x = d - -22. Suppose 14*l = x*l - 20. Let y(m) = -m**3 + m**2 + 2*m. Calculate y(l).
8
Let y(g) be the third derivative of -g**5/60 + 3*g**4/8 + 115*g**3/3 + 9108*g**2. Give y(20).
10
Let k(y) = -4*y**3 - 2*y**2 - 4*y**2 - 6*y - 9 + 3*y**3 + y. Let v = 104 + -102. Suppose -v*l - 7 = 4*g + 1, -l - 4*g = 2. What is k(l)?
21
Let p(d) be the first derivative of -d**4/4 + 4*d**3 - 7*d**2 + 30*d - 4914. What is p(12)?
-138
Let v = -18 + 20. Suppose v*t - 1 = 23. Let p(m) = t*m + 0 - 11*m - 1. Calculate p(-7).
-8
Let t(d) = -d**3 + 4*d**2 + 5*d. Let m(u) = -2*u**2 - 27*u - 51. Let a = -47 - -36. Let i be m(a). Calculate t(i).
20
Let f be (-2)/(-4)*(-243 + 237). Let w(m) = m**2 - m - 11. Calculate w(f).
1
Let q(j) = 16*j**2 + 8*j + 4. Let t(y) = -77*y**2 - 39*y - 19. Let k(s) = 29*q(s) + 6*t(s). Determine k(2).
6
Suppose 5*g - 14 = -3*u, -u + 9 = 2*u. Let h be 4/1 + (2 - (g + 3)). Let r(c) = -15 + 8 + 6*c**2 + h*c + 6 - 3*c**2. What is r(1)?
4
Suppose -b = 5*r + 15 + 5, -2*r - 8 = b. Let s(x) = -x**2 - 14*x - 2. What is s(b)?
-2
Let u(s) = 14 + 37*s**3 + 19*s + 14*s**2 - 21*s**3 + 5*s**2 - 17*s**3. Let v be u(20). Let z(n) = n**2 + 2*n - 7. Give z(v).
17
Suppose 3*o - 1 - 14 = -3*b, -4*b + 24 = 5*o. Suppose -3*z + 16 = -5*d - 18, -o*d - 29 = -3*z. Let m(i) = -2 + z + i + 0*i. What is m(5)?
6
Let b(m) = m**2 + 6*m - 1. Let k = -54 + 15. Let u be ((-222)/30 + 7)/((-4)/340). Let g = u + k. Calculate b(g).
-6
Let t(l) = 5*l**3 + 5*l**2 + l - 6. Suppose 5*j = -2*i - 44, 6*i - 6*j = -4*j + 4. Calculate t(i).
-28
Let o(u) be the first derivative of 2*u**4/3 - 9*u**2 + 4*u - 191. Let d(v) be the second derivative of o(v). Calculate d(-1).
-16
Let s be -709 - 11/(77/35). Let d = s + 708. Let h(j) = 3*j + 19. Calculate h(d).
1
Let y(n) = n**2 - 14*n + 12. Let i be y(8). Let f = i - -32. Let g(k) = -k. Let z(q) = -2*q + 3. Let w(r) = 3*g(r) - z(r). Determine w(f).
1
Let k(p) be the first derivative of -4*p**3/3 + 13*p**2 - 6*p + 2017. Give k(6).
6
Let m(z) = -4*z + 26. Let v be m(5). Let i(r) = 8 + 12 - 22 - v*r. Determine i(-4).
22
Let k(g) = g**2 + 1. Let v(u) = -u + 2. Let m be v(-4). Let j(p) = 7*p**2 + 17. Let z(s) = m*k(s) - j(s). Calculate z(0).
-11
Let f(n) = 4*n**2 + 32*n - 2. Let h(j) = -j**2 - 7*j + 1. Let p(q) = f(q) + 3*h(q). What is p(-10)?
-9
Suppose -2*y = -y + 6. Let s(l) = 7*l + 2. Let c(v) be the first derivative of -3*v**2 - v - 5. Let x(f) = -6*c(f) - 5*s(f). Calculate x(y).
-10
Suppose -3*l + 4 = 31. Let m(q) = -q**3 - 9*q**2 - 2*q - 8. Let h be m(l). Let k(d) = -8 + h*d - 7*d - d**2 - 4*d - 5*d. Give k(-6).
-8
Let q(h) be the first derivative of 3*h**2/2 - 26*h - 7294. Determine q(7).
-5
Let a = 146 + -144. Let c(x) = -6*x - x**a - 5 - 1045*x**3 + 1044*x**3 - 3*x**2 - x**2 + x. Determine c(-4).
-1
L